 70422456 is divided by 11?
5
What is the remainder when 268226 is divided by 2141?
601
What is the remainder when 5918 is divided by 196?
38
What is the remainder when 445673 is divided by 148424?
401
Calculate the remainder when 104917 is divided by 2512.
1925
What is the remainder when 226905 is divided by 36998?
4917
Calculate the remainder when 13958023 is divided by 161.
128
Calculate the remainder when 21599 is divided by 10410.
779
What is the remainder when 62155 is divided by 30332?
1491
What is the remainder when 7167 is divided by 143?
17
Calculate the remainder when 283356 is divided by 3508.
2716
Calculate the remainder when 2926 is divided by 2174.
752
Calculate the remainder when 328168 is divided by 162.
118
Calculate the remainder when 410855 is divided by 6361.
3751
What is the remainder when 136806 is divided by 692?
482
What is the remainder when 32458268 is divided by 30621?
8
Calculate the remainder when 89539 is divided by 6395.
9
What is the remainder when 733432034 is divided by 1605?
1604
Calculate the remainder when 65698978 is divided by 26.
20
Calculate the remainder when 18571897 is divided by 70.
57
Calculate the remainder when 91071 is divided by 102.
87
Calculate the remainder when 98653 is divided by 3858.
2203
What is the remainder when 20811069 is divided by 811?
809
Calculate the remainder when 885144 is divided by 27650.
344
Calculate the remainder when 2320230 is divided by 3761.
3454
Calculate the remainder when 339803 is divided by 857.
431
What is the remainder when 3910482 is divided by 590?
552
Calculate the remainder when 58010 is divided by 3226.
3168
Calculate the remainder when 2786841 is divided by 2105.
1926
What is the remainder when 10568655 is divided by 4253?
4203
What is the remainder when 4536300 is divided by 2268089?
122
What is the remainder when 5599203 is divided by 188?
187
Calculate the remainder when 13422425 is divided by 4775.
4675
What is the remainder when 3868335 is divided by 9458?
13
Calculate the remainder when 3905226 is divided by 2134.
6
What is the remainder when 56587 is divided by 13682?
1859
What is the remainder when 4132302 is divided by 1033053?
90
What is the remainder when 86217545 is divided by 193?
6
Calculate the remainder when 1099894 is divided by 684.
22
Calculate the remainder when 205974 is divided by 52.
2
Calculate the remainder when 1311870 is divided by 2355.
135
What is the remainder when 175870 is divided by 4773?
4042
What is the remainder when 1775749 is divided by 250?
249
What is the remainder when 652310 is divided by 427?
281
Calculate the remainder when 484288 is divided by 10303.
47
Calculate the remainder when 8791 is divided by 205.
181
What is the remainder when 3341015 is divided by 31?
21
What is the remainder when 5768998 is divided by 3182?
32
Calculate the remainder when 63917566 is divided by 1144.
1142
Calculate the remainder when 145840 is divided by 36207.
1012
Calculate the remainder when 23507607 is divided by 10695.
10692
Calculate the remainder when 813700 is divided by 24655.
85
What is the remainder when 43902900 is divided by 43902887?
13
What is the remainder when 41630086 is divided by 102?
10
What is the remainder when 3546273 is divided by 394029?
12
Calculate the remainder when 844511 is divided by 114.
113
Calculate the remainder when 406454 is divided by 25374.
470
What is the remainder when 5467938 is divided by 46?
10
What is the remainder when 224369 is divided by 9741?
326
Calculate the remainder when 4645535 is divided by 864.
671
What is the remainder when 81915138 is divided by 53?
34
Calculate the remainder when 2391604 is divided by 2022.
1600
What is the remainder when 139334 is divided by 1990?
34
What is the remainder when 14142780 is divided by 4011?
4005
Calculate the remainder when 143519 is divided by 683.
89
What is the remainder when 2281031 is divided by 374?
5
Calculate the remainder when 255952 is divided by 42653.
34
Calculate the remainder when 166266 is divided by 13852.
42
What is the remainder when 3104798 is divided by 134991?
5
Calculate the remainder when 111751 is divided by 5321.
10
Calculate the remainder when 295767 is divided by 1637.
1107
Calculate the remainder when 24750470 is divided by 1459.
1453
What is the remainder when 56645 is divided by 2054?
1187
Calculate the remainder when 19779712 is divided by 486.
484
What is the remainder when 9392154 is divided by 1749?
24
Calculate the remainder when 119793 is divided by 115528.
4265
Calculate the remainder when 3560882 is divided by 5915.
52
Calculate the remainder when 1976182 is divided by 34072.
6
What is the remainder when 1028547 is divided by 333?
243
Calculate the remainder when 22203019 is divided by 9868.
19
What is the remainder when 177628 is divided by 692?
476
Calculate the remainder when 819432 is divided by 9294.
1560
What is the remainder when 6540206 is divided by 989?
938
Calculate the remainder when 5494873 is divided by 18.
13
Calculate the remainder when 322328 is divided by 161107.
114
Calculate the remainder when 1543856 is divided by 118741.
223
What is the remainder when 453503 is divided by 26672?
79
What is the remainder when 14776250 is divided by 29?
25
What is the remainder when 10946778 is divided by 23694?
150
Calculate the remainder when 408740183 is divided by 112.
103
Calculate the remainder when 3801 is divided by 1114.
459
What is the remainder when 80372943 is divided by 2147?
2145
What is the remainder when 1666565 is divided by 14880?
5
Calculate the remainder when 309440 is divided by 3773.
54
What is the remainder when 198752 is divided by 39097?
3267
What is the remainder when 12632 is divided by 4210?
2
What is the remainder when 166450 is divided by 40836?
3106
Calculate the remainder when 9424643 is divided by 10.
3
What is the remainder when 5228768 is divided by 25?
18
What is the remainder when 148724 is divided by 13509?
125
Calculate the remainder when 154393 is divided by 38595.
13
Calculate the remainder when 1322564 is divided by 50.
14
What is the remainder when 2483 is divided by 549?
287
Calculate the remainder when 32411679 is divided by 1120.
1119
Calculate the remainder when 124252 is divided by 564.
172
Calculate the remainder when 1279892 is divided by 177.
5
Calculate the remainder when 38263 is divided by 2947.
2899
What is the remainder when 19115 is divided by 4193?
2343
Calculate the remainder when 3528 is divided by 155.
118
Calculate the remainder when 198162 is divided by 14117.
524
What is the remainder when 3721 is divided by 221?
185
Calculate the remainder when 82362 is divided by 61.
12
Calculate the remainder when 2596849 is divided by 370852.
885
What is the remainder when 1418062 is divided by 157544?
166
Calculate the remainder when 38292 is divided by 1003.
178
Calculate the remainder when 153004 is divided by 532.
320
What is the remainder when 70501322 is divided by 20259?
2
What is the remainder when 6991473 is divided by 633?
621
What is the remainder when 213612 is divided by 106252?
1108
What is the remainder when 399357 is divided by 66555?
27
What is the remainder when 489 is divided by 1?
0
What is the remainder when 340460 is divided by 28309?
752
What is the remainder when 3623594 is divided by 1207802?
188
Calculate the remainder when 2159434 is divided by 539839.
78
What is the remainder when 15390333 is divided by 1115?
1103
Calculate the remainder when 813175 is divided by 791.
27
Calculate the remainder when 5748343 is divided by 2211.
1954
Calculate the remainder when 2896624 is divided by 8348.
8216
Calculate the remainder when 18527 is divided by 338.
275
What is the remainder when 11879542 is divided by 443?
54
Calculate the remainder when 1126256 is divided by 562968.
320
What is the remainder when 580085 is divided by 7631?
129
What is the remainder when 2419231 is divided by 106?
99
Calculate the remainder when 16999044 is divided by 58.
56
What is the remainder when 201701 is divided by 5842?
3073
What is the remainder when 1196337 is divided by 582?
327
What is the remainder when 692316 is divided by 230706?
198
Calculate the remainder when 391810 is divided by 130594.
28
What is the remainder when 335122 is divided b